emainder when 7898 is divided by 247?
241
Calculate the remainder when 193 is divided by 69.
55
Calculate the remainder when 126 is divided by 37.
15
Calculate the remainder when 2878 is divided by 477.
16
What is the remainder when 3635 is divided by 214?
211
What is the remainder when 569 is divided by 114?
113
Calculate the remainder when 294 is divided by 23.
18
Calculate the remainder when 124 is divided by 16.
12
Calculate the remainder when 246 is divided by 93.
60
Calculate the remainder when 1887 is divided by 18.
15
Calculate the remainder when 523 is divided by 34.
13
What is the remainder when 64 is divided by 22?
20
What is the remainder when 298 is divided by 78?
64
Calculate the remainder when 30 is divided by 3.
0
Calculate the remainder when 214 is divided by 103.
8
What is the remainder when 57 is divided by 56?
1
Calculate the remainder when 32 is divided by 12.
8
What is the remainder when 716 is divided by 705?
11
What is the remainder when 4427 is divided by 277?
272
Calculate the remainder when 30 is divided by 2.
0
What is the remainder when 11 is divided by 8?
3
What is the remainder when 598 is divided by 55?
48
What is the remainder when 230 is divided by 61?
47
What is the remainder when 21118 is divided by 264?
262
Calculate the remainder when 2164 is divided by 76.
36
What is the remainder when 781 is divided by 28?
25
Calculate the remainder when 223 is divided by 15.
13
Calculate the remainder when 2957 is divided by 26.
19
Calculate the remainder when 1360 is divided by 1356.
4
What is the remainder when 7309 is divided by 244?
233
What is the remainder when 7140 is divided by 37?
36
What is the remainder when 5661 is divided by 21?
12
What is the remainder when 1744 is divided by 46?
42
Calculate the remainder when 391 is divided by 25.
16
What is the remainder when 56 is divided by 17?
5
What is the remainder when 132 is divided by 23?
17
Calculate the remainder when 795 is divided by 38.
35
What is the remainder when 99 is divided by 28?
15
What is the remainder when 95 is divided by 25?
20
Calculate the remainder when 404 is divided by 69.
59
What is the remainder when 1045 is divided by 1003?
42
Calculate the remainder when 5608 is divided by 17.
15
Calculate the remainder when 391 is divided by 5.
1
What is the remainder when 839 is divided by 29?
27
What is the remainder when 1372 is divided by 20?
12
Calculate the remainder when 312 is divided by 39.
0
What is the remainder when 378 is divided by 22?
4
Calculate the remainder when 634 is divided by 128.
122
Calculate the remainder when 332 is divided by 84.
80
Calculate the remainder when 282 is divided by 19.
16
Calculate the remainder when 358 is divided by 28.
22
What is the remainder when 5820 is divided by 29?
20
What is the remainder when 2639 is divided by 20?
19
What is the remainder when 912 is divided by 226?
8
What is the remainder when 148 is divided by 130?
18
What is the remainder when 439 is divided by 9?
7
What is the remainder when 2097 is divided by 234?
225
Calculate the remainder when 111 is divided by 60.
51
What is the remainder when 390 is divided by 123?
21
What is the remainder when 464 is divided by 15?
14
What is the remainder when 78 is divided by 17?
10
Calculate the remainder when 34828 is divided by 86.
84
Calculate the remainder when 1253 is divided by 35.
28
What is the remainder when 3918 is divided by 10?
8
Calculate the remainder when 847 is divided by 227.
166
What is the remainder when 629 is divided by 42?
41
What is the remainder when 358 is divided by 18?
16
Calculate the remainder when 170 is divided by 99.
71
Calculate the remainder when 76 is divided by 3.
1
What is the remainder when 141 is divided by 15?
6
What is the remainder when 467 is divided by 224?
19
Calculate the remainder when 596 is divided by 533.
63
What is the remainder when 1331 is divided by 59?
33
What is the remainder when 14037 is divided by 195?
192
Calculate the remainder when 359 is divided by 8.
7
Calculate the remainder when 601 is divided by 277.
47
Calculate the remainder when 867 is divided by 68.
51
Calculate the remainder when 421 is divided by 39.
31
Calculate the remainder when 61 is divided by 55.
6
What is the remainder when 194 is divided by 94?
6
What is the remainder when 682 is divided by 114?
112
Calculate the remainder when 298 is divided by 23.
22
Calculate the remainder when 1092 is divided by 268.
20
What is the remainder when 92 is divided by 57?
35
What is the remainder when 47 is divided by 24?
23
Calculate the remainder when 167 is divided by 58.
51
What is the remainder when 706 is divided by 130?
56
Calculate the remainder when 22 is divided by 10.
2
Calculate the remainder when 4294 is divided by 8.
6
Calculate the remainder when 1367 is divided by 25.
17
Calculate the remainder when 90 is divided by 76.
14
What is the remainder when 671 is divided by 42?
41
What is the remainder when 479 is divided by 12?
11
What is the remainder when 116 is divided by 10?
6
What is the remainder when 257 is divided by 211?
46
What is the remainder when 3710 is divided by 79?
76
What is the remainder when 158 is divided by 150?
8
Calculate the remainder when 74 is divided by 11.
8
Calculate the remainder when 3355 is divided by 22.
11
Calculate the remainder when 299 is divided by 115.
69
What is the remainder when 176 is divided by 31?
21
What is the remainder when 68 is divided by 18?
14
Calculate the remainder when 4471 is divided by 11.
5
Calculate the remainder when 423 is divided by 54.
45
Calculate the remainder when 546 is divided by 55.
51
Calculate the remainder when 223 is divided by 56.
55
Calculate the remainder when 91 is divided by 23.
22
Calculate the remainder when 1686 is divided by 8.
6
What is the remainder when 438 is divided by 119?
81
What is the remainder when 8134 is divided by 113?
111
Calculate the remainder when 807 is divided by 9.
6
Calculate the remainder when 181 is divided by 48.
37
Calculate the remainder when 506 is divided by 51.
47
Calculate the remainder when 165 is divided by 56.
53
What is the remainder when 377 is divided by 77?
69
What is the remainder when 1873 is divided by 266?
11
What is the remainder when 92 is divided by 22?
4
What is the remainder when 167 is divided by 16?
7
Calculate the remainder when 6670 is divided by 139.
137
Calculate the remainder when 59 is divided by 28.
3
Calculate the remainder when 3101 is divided by 66.
65
Calculate the remainder when 328 is divided by 111.
106
Calculate the remainder when 811 is divided by 32.
11
What is the remainder when 614 is divided by 14?
12
What is the remainder when 202 is divided by 66?
4
Calculate the remainder when 1519 is divided by 80.
79
What is the remainder when 22845 is divided by 238?
235
What is the remainder when 205 is divided by 12?
1
What is the remainder when 589 is divided by 99?
94
Calculate the remainder when 498 is divided by 5.
3
Calculate the remainder when 909 is divided by 57.
54
What is the remainder when 1365 is divided by 380?
225
What is the remainder when 897 is divided by 90?
87
What is the remainder when 15959 is divided by 10?
9
What is the remainder when 100 is divided by 46?
8
What is the remainder when 699 is divided by 228?
15
What is the remainder when 48 is divided by 18?
12
What is the remainder when 593 is divided by 22?
21
Calculate the remainder when 336 is divided by 2.
0
Calculate the remainder when 1381 is divided by 116.
105
What is the remainder when 71 is divided by 9?
8
What is the remainder when 152 is divided by 20?
12
Calculate the remainder when 57 is divided by 22.
13
What is the remainder when 502 is divided by 290?
212
What is the remainder when 1000 is divided by 59?
56
What is the remainder when 149 is divided by 143?
6
What is the remainder when 4552 is divided by 49?
44
What is the remainder when 17 is divided by 17?
0
Calculate the remainder when 1095 is divided by 110.
105
What is the remainder when 7102 is divided by 74?
72
Calculate the remainder when 3117 is divided by 142.
135
Calculate the remainder when 266 is divided by 5.
1
What is the remainder when 214 is divided by 12?
10
Calculate the remainder when 20 is divided by 17.
3
What is the remainder 